{"id":690,"date":"2025-06-27T19:22:09","date_gmt":"2025-06-27T17:22:09","guid":{"rendered":"https:\/\/servicios.mpuentealto.cl\/?page_id=690"},"modified":"2025-06-27T22:39:10","modified_gmt":"2025-06-27T20:39:10","slug":"projects-2","status":"publish","type":"page","link":"https:\/\/servicios.mpuentealto.cl\/?page_id=690","title":{"rendered":"Gu\u00eda de Tel\u00e9fonos"},"content":{"rendered":"\t\t<div data-elementor-type=\"wp-page\" data-elementor-id=\"690\" class=\"elementor elementor-690\">\n\t\t\t\t\t\t<section class=\"elementor-section elementor-top-section elementor-element elementor-element-bf7058b elementor-section-boxed elementor-section-height-default elementor-section-height-default\" data-id=\"bf7058b\" data-element_type=\"section\" data-e-type=\"section\" data-settings=\"{&quot;jet_parallax_layout_list&quot;:[{&quot;jet_parallax_layout_image&quot;:{&quot;url&quot;:&quot;&quot;,&quot;id&quot;:&quot;&quot;,&quot;size&quot;:&quot;&quot;},&quot;_id&quot;:&quot;31bd1a5&quot;,&quot;jet_parallax_layout_image_tablet&quot;:{&quot;url&quot;:&quot;&quot;,&quot;id&quot;:&quot;&quot;,&quot;size&quot;:&quot;&quot;},&quot;jet_parallax_layout_image_mobile&quot;:{&quot;url&quot;:&quot;&quot;,&quot;id&quot;:&quot;&quot;,&quot;size&quot;:&quot;&quot;},&quot;jet_parallax_layout_speed&quot;:{&quot;unit&quot;:&quot;%&quot;,&quot;size&quot;:50,&quot;sizes&quot;:[]},&quot;jet_parallax_layout_type&quot;:&quot;scroll&quot;,&quot;jet_parallax_layout_direction&quot;:&quot;1&quot;,&quot;jet_parallax_layout_fx_direction&quot;:null,&quot;jet_parallax_layout_z_index&quot;:&quot;&quot;,&quot;jet_parallax_layout_bg_x&quot;:50,&quot;jet_parallax_layout_bg_x_tablet&quot;:&quot;&quot;,&quot;jet_parallax_layout_bg_x_mobile&quot;:&quot;&quot;,&quot;jet_parallax_layout_bg_y&quot;:50,&quot;jet_parallax_layout_bg_y_tablet&quot;:&quot;&quot;,&quot;jet_parallax_layout_bg_y_mobile&quot;:&quot;&quot;,&quot;jet_parallax_layout_bg_size&quot;:&quot;auto&quot;,&quot;jet_parallax_layout_bg_size_tablet&quot;:&quot;&quot;,&quot;jet_parallax_layout_bg_size_mobile&quot;:&quot;&quot;,&quot;jet_parallax_layout_animation_prop&quot;:&quot;transform&quot;,&quot;jet_parallax_layout_on&quot;:[&quot;desktop&quot;,&quot;tablet&quot;]}],&quot;background_background&quot;:&quot;gradient&quot;}\">\n\t\t\t\t\t\t\t<div class=\"elementor-background-overlay\"><\/div>\n\t\t\t\t\t\t\t<div class=\"elementor-container elementor-column-gap-no\">\n\t\t\t\t\t<div class=\"elementor-column elementor-col-100 elementor-top-column elementor-element elementor-element-457d37d\" data-id=\"457d37d\" data-element_type=\"column\" data-e-type=\"column\">\n\t\t\t<div class=\"elementor-widget-wrap elementor-element-populated\">\n\t\t\t\t\t\t<div class=\"elementor-element elementor-element-5d1c1da elementor-align-flex-start elementor-widget elementor-widget-raven-breadcrumbs\" data-id=\"5d1c1da\" data-element_type=\"widget\" data-e-type=\"widget\" data-widget_type=\"raven-breadcrumbs.default\">\n\t\t\t\t<div class=\"elementor-widget-container\">\n\t\t\t\t\t<div class=\"raven-breadcrumbs raven-breadcrumbs-default\"><div class=\"breadcrumb\">\t\t\t\t<div class=\"breadcrumb-item active\" aria-current=\"page\"><span>Home<\/span><\/div>\n\n\t\t\t\t<\/div><\/div>\t\t\t\t<\/div>\n\t\t\t\t<\/div>\n\t\t\t\t\t<\/div>\n\t\t<\/div>\n\t\t\t\t\t<\/div>\n\t\t<\/section>\n\t\t<div class=\"elementor-element elementor-element-419ce3ec e-flex e-con-boxed e-con e-parent\" data-id=\"419ce3ec\" data-element_type=\"container\" data-e-type=\"container\" data-settings=\"{&quot;background_background&quot;:&quot;classic&quot;,&quot;jet_parallax_layout_list&quot;:[]}\">\n\t\t\t\t\t<div class=\"e-con-inner\">\n\t\t<div class=\"elementor-element elementor-element-1ecb8a72 e-con-full e-flex e-con e-child\" data-id=\"1ecb8a72\" data-element_type=\"container\" data-e-type=\"container\" data-settings=\"{&quot;jet_parallax_layout_list&quot;:[]}\">\n\t\t\t\t<div class=\"elementor-element elementor-element-a5890f6 elementor-widget elementor-widget-shortcode\" data-id=\"a5890f6\" data-element_type=\"widget\" data-e-type=\"widget\" data-widget_type=\"shortcode.default\">\n\t\t\t\t<div class=\"elementor-widget-container\">\n\t\t\t\t\t\t\t<div class=\"elementor-shortcode\">\n<table id=\"tablepress-1\" class=\"tablepress tablepress-id-1\">\n<thead>\n<tr class=\"row-1\">\n\t<th class=\"column-1\">Dependencia<\/th><th class=\"column-2\">Encargado<\/th><th class=\"column-3\">Tel\u00e9fono<\/th><th class=\"column-4\">Secretario(a)<\/th><th class=\"column-5\">Ubicaci\u00f3n<\/th>\n<\/tr>\n<\/thead>\n<tbody class=\"row-striping row-hover\">\n<tr class=\"row-2\">\n\t<td class=\"column-1\">1\u00b0 Juzgado de Polic\u00eda Local<\/td><td class=\"column-2\"><\/td><td class=\"column-3\">228101660<\/td><td class=\"column-4\">Pablo Salgado Garc\u00eda<\/td><td class=\"column-5\">Avenida Jorge Ross Ossa 286<\/td>\n<\/tr>\n<tr class=\"row-3\">\n\t<td class=\"column-1\">2\u00b0 Juzgado de Polic\u00eda Local<\/td><td class=\"column-2\">Alexis Leonardo Paiva<\/td><td class=\"column-3\">228101702<\/td><td class=\"column-4\">Mar\u00eda Carolina Mart\u00ednez<\/td><td class=\"column-5\">Avenida Emiliana Subercaseaux 165<\/td>\n<\/tr>\n<tr class=\"row-4\">\n\t<td class=\"column-1\">Administraci\u00f3n Municipal<\/td><td class=\"column-2\">Felipe Lagos D\u00edaz<\/td><td class=\"column-3\">228101997<\/td><td class=\"column-4\">Soledad Sandoval<\/td><td class=\"column-5\">Avenida Concha y Toro 1820<\/td>\n<\/tr>\n<tr class=\"row-5\">\n\t<td class=\"column-1\">Administraci\u00f3n y Finanzas<\/td><td class=\"column-2\">Cristi\u00e1n Ram\u00edrez Alvarado<\/td><td class=\"column-3\">228101711<\/td><td class=\"column-4\">Rocio Valdivia Castillo<\/td><td class=\"column-5\">Avenida Concha y Toro 1820<\/td>\n<\/tr>\n<tr class=\"row-6\">\n\t<td class=\"column-1\">Alcald\u00eda<\/td><td class=\"column-2\">Mat\u00edas Toledo Herrera<\/td><td class=\"column-3\">228101602<\/td><td class=\"column-4\">Maria Paz Miranda Bustos<\/td><td class=\"column-5\">Avenida Concha y Toro 1820<\/td>\n<\/tr>\n<tr class=\"row-7\">\n\t<td class=\"column-1\">Balneario Municipal de Puente Alto<\/td><td class=\"column-2\"><\/td><td class=\"column-3\">227315482<\/td><td class=\"column-4\">Nicole Aguero<\/td><td class=\"column-5\">Avenida Eyzaguirre 4760<\/td>\n<\/tr>\n<tr class=\"row-8\">\n\t<td class=\"column-1\">Corporaci\u00f3n Municipal<\/td><td class=\"column-2\">Atenci\u00f3n de p\u00fablico<\/td><td class=\"column-3\">224344710<\/td><td class=\"column-4\">Nivel Central<\/td><td class=\"column-5\">Gandarillas 93<\/td>\n<\/tr>\n<tr class=\"row-9\">\n\t<td class=\"column-1\">Corporaci\u00f3n Municipal<\/td><td class=\"column-2\">Atenci\u00f3n de p\u00fablico<\/td><td class=\"column-3\">224854908<\/td><td class=\"column-4\"><\/td><td class=\"column-5\"><\/td>\n<\/tr>\n<tr class=\"row-10\">\n\t<td class=\"column-1\">\u00c1rea Salud<\/td><td class=\"column-2\">Gandarillas 93<\/td><td class=\"column-3\"><\/td><td class=\"column-4\"><\/td><td class=\"column-5\"><\/td>\n<\/tr>\n<tr class=\"row-11\">\n\t<td class=\"column-1\">Corporaci\u00f3n Municipal<\/td><td class=\"column-2\">Atenci\u00f3n de p\u00fablico<\/td><td class=\"column-3\">224344725<\/td><td class=\"column-4\">\u00c1rea Educaci\u00f3n<\/td><td class=\"column-5\">Gandarillas 93<\/td>\n<\/tr>\n<tr class=\"row-12\">\n\t<td class=\"column-1\">Corporaci\u00f3n Municipal<\/td><td class=\"column-2\">Atenci\u00f3n de p\u00fablico<\/td><td class=\"column-3\">224344759<\/td><td class=\"column-4\">\u00c1rea Atenci\u00f3n de Menores<\/td><td class=\"column-5\">Gandarillas 93<\/td>\n<\/tr>\n<tr class=\"row-13\">\n\t<td class=\"column-1\">Departamento de \u00c1\u0081reas Verdes<\/td><td class=\"column-2\"><\/td><td class=\"column-3\">227315385<\/td><td class=\"column-4\">Sily Troncoso<\/td><td class=\"column-5\">Tocornal Grez 47<\/td>\n<\/tr>\n<tr class=\"row-14\">\n\t<td class=\"column-1\">Departamento de Emergencia<\/td><td class=\"column-2\">Luis Ram\u00edrez Bustamante<\/td><td class=\"column-3\">227315388<\/td><td class=\"column-4\">Pamela Valenzuela Rivas<\/td><td class=\"column-5\">Tocornal Grez 47<\/td>\n<\/tr>\n<tr class=\"row-15\">\n\t<td class=\"column-1\">Departamento de Fomento Productivo<\/td><td class=\"column-2\"><\/td><td class=\"column-3\">227315441<\/td><td class=\"column-4\">Gloria Fern\u00e1ndez Maturana<\/td><td class=\"column-5\">Jos\u00e9 Manuel Irarr\u00e1zaval 0185<\/td>\n<\/tr>\n<tr class=\"row-16\">\n\t<td class=\"column-1\">Departamento de Medio Ambiente<\/td><td class=\"column-2\"><\/td><td class=\"column-3\">227315454<\/td><td class=\"column-4\">Patricia Vergara S\u00e1nchez<\/td><td class=\"column-5\">Tocornal Grez 47<\/td>\n<\/tr>\n<tr class=\"row-17\">\n\t<td class=\"column-1\">DESAM (Direcci\u00f3n de Educaci\u00f3n, Salud y Atenci\u00f3n de Menores)<\/td><td class=\"column-2\"><\/td><td class=\"column-3\">228101726<\/td><td class=\"column-4\">Erika Toledo<\/td><td class=\"column-5\">Avenida Concha y Toro 1820<\/td>\n<\/tr>\n<tr class=\"row-18\">\n\t<td class=\"column-1\">Direcci\u00f3n de Asesor\u00eda Jur\u00eddica<\/td><td class=\"column-2\">Ren\u00e9 Borgna Verdugo<\/td><td class=\"column-3\">228101633<\/td><td class=\"column-4\"><\/td><td class=\"column-5\">Avenida Concha y Toro 1820<\/td>\n<\/tr>\n<tr class=\"row-19\">\n\t<td class=\"column-1\">Direcci\u00f3n de Comunicaciones y Prensa<\/td><td class=\"column-2\">Ana Mar\u00eda Guerra Yerkovic<\/td><td class=\"column-3\">228101670<\/td><td class=\"column-4\">Beatriz Gonz\u00e1lez Mart\u00ednez<\/td><td class=\"column-5\">Avenida Concha y Toro 1820<\/td>\n<\/tr>\n<tr class=\"row-20\">\n\t<td class=\"column-1\">Direcci\u00f3n de Control<\/td><td class=\"column-2\">V\u00edctor Hugo Escobar<\/td><td class=\"column-3\">228101688<\/td><td class=\"column-4\">Hector San Mart\u00edn<\/td><td class=\"column-5\">Avenida Concha y Toro 1820<\/td>\n<\/tr>\n<tr class=\"row-21\">\n\t<td class=\"column-1\">Direcci\u00f3n de Espacios P\u00fablicos y Seguridad Humana<\/td><td class=\"column-2\">Roberto Saldivia Wellmann<\/td><td class=\"column-3\">227315410<\/td><td class=\"column-4\">Glorissiel L\u00f3pez<\/td><td class=\"column-5\">Balmaceda 265<\/td>\n<\/tr>\n<tr class=\"row-22\">\n\t<td class=\"column-1\">Direcci\u00f3n de Medio Ambiente, Aseo, Ornato y \u00c1reas Verdes (S)<\/td><td class=\"column-2\">Walter Ojeda<\/td><td class=\"column-3\">227315382<\/td><td class=\"column-4\">Paola Medina Navia<\/td><td class=\"column-5\">Tocornal Grez 47<\/td>\n<\/tr>\n<tr class=\"row-23\">\n\t<td class=\"column-1\">Direcci\u00f3n de Obras Municipales<\/td><td class=\"column-2\">Constanza Dyvinetz<\/td><td class=\"column-3\">228101619<\/td><td class=\"column-4\">Ver\u00f3nica Henr\u00edquez<\/td><td class=\"column-5\">Avenida Concha y Toro 1820<\/td>\n<\/tr>\n<tr class=\"row-24\">\n\t<td class=\"column-1\">Direcci\u00f3n de Operaciones y Emergencia (S)<\/td><td class=\"column-2\">Walter Ojeda<\/td><td class=\"column-3\">227315453<\/td><td class=\"column-4\">Alejandra Morales<\/td><td class=\"column-5\">Tocornal Grez 47<\/td>\n<\/tr>\n<tr class=\"row-25\">\n\t<td class=\"column-1\">Direcci\u00f3n de Recursos Humanos (S)<\/td><td class=\"column-2\">Fanny Gana<\/td><td class=\"column-3\">228101758<\/td><td class=\"column-4\">Angela Cornejo D\u00edaz<\/td><td class=\"column-5\">Avenida Concha y Toro 1820<\/td>\n<\/tr>\n<tr class=\"row-26\">\n\t<td class=\"column-1\">Direcci\u00f3n de Relaciones P\u00fablicas<\/td><td class=\"column-2\">Jos\u00e9 Gonz\u00e1lez Figueroa<\/td><td class=\"column-3\">228101614<\/td><td class=\"column-4\">Katherine Mu\u00f1oz<\/td><td class=\"column-5\">Avenida Concha y Toro 1820<\/td>\n<\/tr>\n<tr class=\"row-27\">\n\t<td class=\"column-1\">Direcci\u00f3n Desarrollo Comunitario<\/td><td class=\"column-2\">Karina \u00d3rdenes Ram\u00edrez<\/td><td class=\"column-3\">227315334<\/td><td class=\"column-4\">Sandra Uribe<\/td><td class=\"column-5\">Jos\u00e9 Manuel Irarr\u00e1zaval 0185<\/td>\n<\/tr>\n<tr class=\"row-28\">\n\t<td class=\"column-1\">Direcci\u00f3n Social (S)<\/td><td class=\"column-2\">Josue Bustos<\/td><td class=\"column-3\">227315435<\/td><td class=\"column-4\">Maribel Torres<\/td><td class=\"column-5\">Jos\u00e9 Manuel Irarr\u00e1zaval 0185<\/td>\n<\/tr>\n<tr class=\"row-29\">\n\t<td class=\"column-1\">Direcci\u00f3n Tr\u00ed\u00a1nsito y Transporte P\u00fablico<\/td><td class=\"column-2\">Arturo Araya<\/td><td class=\"column-3\">228101766<\/td><td class=\"column-4\">Jeannette Astorga<\/td><td class=\"column-5\">Avenida Concha y Toro 1820<\/td>\n<\/tr>\n<tr class=\"row-30\">\n\t<td class=\"column-1\">Oficina de Informaciones - Edificio Consistorial<\/td><td class=\"column-2\">Atenci\u00f3n de p\u00fablico<\/td><td class=\"column-3\">228101712<\/td><td class=\"column-4\"><\/td><td class=\"column-5\">Avenida Concha y Toro 1820<\/td>\n<\/tr>\n<tr class=\"row-31\">\n\t<td class=\"column-1\">Oficina de Partes<\/td><td class=\"column-2\">Atenci\u00f3n de p\u00fablico<\/td><td class=\"column-3\">228101714<\/td><td class=\"column-4\">Nathalie Acevedo<\/td><td class=\"column-5\">Avenida Concha y Toro 1820<\/td>\n<\/tr>\n<tr class=\"row-32\">\n\t<td class=\"column-1\">Secretar\u00eda de Planificaci\u00f3n Comunal (SECPLA)<\/td><td class=\"column-2\">Victoria Pino Rojo<\/td><td class=\"column-3\">228101755<\/td><td class=\"column-4\">Andrea Llanten Carrasco<\/td><td class=\"column-5\">Avenida Concha y Toro 1820<\/td>\n<\/tr>\n<tr class=\"row-33\">\n\t<td class=\"column-1\">Secretar\u00eda Municipal<\/td><td class=\"column-2\">Miguel \u00c1ngel Rom\u00e1n<\/td><td class=\"column-3\">228101604<\/td><td class=\"column-4\">Elita Za\u00f1artu<\/td><td class=\"column-5\">Avenida Concha y Toro 1820<\/td>\n<\/tr>\n<\/tbody>\n<\/table>\n<!-- #tablepress-1 from cache --><\/div>\n\t\t\t\t\t\t<\/div>\n\t\t\t\t<\/div>\n\t\t\t\t<\/div>\n\t\t<div class=\"elementor-element elementor-element-7a2df08 e-con-full e-flex e-con e-child\" data-id=\"7a2df08\" data-element_type=\"container\" data-e-type=\"container\" data-settings=\"{&quot;jet_parallax_layout_list&quot;:[]}\">\n\t\t\t\t<div class=\"elementor-element elementor-element-10dc6329 elementor-widget elementor-widget-sidebar\" data-id=\"10dc6329\" data-element_type=\"widget\" data-e-type=\"widget\" data-widget_type=\"sidebar.default\">\n\t\t\t\t<div class=\"elementor-widget-container\">\n\t\t\t\t\t<div id=\"search-2\" class=\"jupiterx-widget widget_search search-2 widget_search\"><div class=\"jupiterx-widget-content\"><form class=\"jupiterx-search-form form-inline\" method=\"get\" action=\"https:\/\/servicios.mpuentealto.cl\/\" role=\"search\"><input class=\"form-control\" type=\"search\" placeholder=\"Buscar\" value=\"\" name=\"s\"\/><button class=\"btn jupiterx-icon-search-1\"><\/button><\/form><\/div><\/div><div id=\"nav_menu-2\" class=\"jupiterx-widget widget_nav_menu nav_menu-2 widget_nav_menu\"><div class=\"jupiterx-widget-content\"><style >.jupiterx-widget-nav-menu-vertical > .menu-item{margin-bottom:px}<\/style><div class=\"menu-servicios-container\"><ul id=\"menu-servicios\" class=\"jupiterx-widget-nav-menu-vertical\"><li id=\"menu-item-742\" class=\"menu-item menu-item-type-post_type menu-item-object-page menu-item-home menu-item-742\"><a href=\"https:\/\/servicios.mpuentealto.cl\/\">Home<\/a><\/li>\n<li id=\"menu-item-740\" class=\"menu-item menu-item-type-post_type menu-item-object-page menu-item-740\"><a href=\"https:\/\/servicios.mpuentealto.cl\/?page_id=697\">Centros de salud<\/a><\/li>\n<li id=\"menu-item-741\" class=\"menu-item menu-item-type-post_type menu-item-object-page menu-item-741\"><a href=\"https:\/\/servicios.mpuentealto.cl\/?page_id=690\">Gu\u00eda de Tel\u00e9fonos<\/a><\/li>\n<\/ul><\/div><\/div><\/div>\t\t\t\t<\/div>\n\t\t\t\t<\/div>\n\t\t\t\t<\/div>\n\t\t\t\t\t<\/div>\n\t\t\t\t<\/div>\n\t\t\t\t<\/div>\n\t\t","protected":false},"excerpt":{"rendered":"<p>Home<\/p>\n","protected":false},"author":1,"featured_media":0,"parent":0,"menu_order":0,"comment_status":"closed","ping_status":"closed","template":"full-width.php","meta":{"_acf_changed":false,"footnotes":""},"class_list":["post-690","page","type-page","status-publish","hentry"],"acf":[],"_links":{"self":[{"href":"https:\/\/servicios.mpuentealto.cl\/index.php?rest_route=\/wp\/v2\/pages\/690","targetHints":{"allow":["GET"]}}],"collection":[{"href":"https:\/\/servicios.mpuentealto.cl\/index.php?rest_route=\/wp\/v2\/pages"}],"about":[{"href":"https:\/\/servicios.mpuentealto.cl\/index.php?rest_route=\/wp\/v2\/types\/page"}],"author":[{"embeddable":true,"href":"https:\/\/servicios.mpuentealto.cl\/index.php?rest_route=\/wp\/v2\/users\/1"}],"replies":[{"embeddable":true,"href":"https:\/\/servicios.mpuentealto.cl\/index.php?rest_route=%2Fwp%2Fv2%2Fcomments&post=690"}],"version-history":[{"count":13,"href":"https:\/\/servicios.mpuentealto.cl\/index.php?rest_route=\/wp\/v2\/pages\/690\/revisions"}],"predecessor-version":[{"id":745,"href":"https:\/\/servicios.mpuentealto.cl\/index.php?rest_route=\/wp\/v2\/pages\/690\/revisions\/745"}],"wp:attachment":[{"href":"https:\/\/servicios.mpuentealto.cl\/index.php?rest_route=%2Fwp%2Fv2%2Fmedia&parent=690"}],"curies":[{"name":"wp","href":"https:\/\/api.w.org\/{rel}","templated":true}]}}